j = -11*h + 948706. What is the ten thousands digit of h?
8
Let c(p) = -7*p**2 + 24*p - 17. Let r(x) = 3*x**2 - 12*x + 9. Let j(g) = 4*c(g) + 9*r(g). Let f be j(-9). Let i = -19 + f. What is the units digit of i?
1
Let r(v) = 5*v + 47. Let w be r(-11). What is the tens digit of (-3*788/(-48))/((-2)/w)?
9
Suppose 354 = 2*m + 344. Suppose k = m*q + 786, q = 2*k - 1174 - 425. What is the tens digit of k?
0
Let m be (-144)/168 - 6/(-7). Suppose u + 3*i - 36 = -m*u, 6 = -2*i. What is the tens digit of u?
4
Let n = -66 - -84. Suppose -p = -n*p + 2890. Let d = p - 31. What is the tens digit of d?
3
Let l = -46 - 85. Let k = l + 251. What is the hundreds digit of k?
1
Let a(z) = z**3 + 27*z**2 - z - 20. Let h be a(-27). Suppose 376 = -h*s + 1181. What is the tens digit of s?
1
Let x(i) be the second derivative of 23*i**4/12 + i**3/3 + 9*i**2 + 2*i - 13. What is the units digit of x(-4)?
8
What is the thousands digit of (-203 + 27)*498/(-12)?
7
Let v(f) be the second derivative of f**4/3 - 16*f**3/3 - 66*f**2 + 126*f - 1. What is the thousands digit of v(-17)?
1
Let l = 273 + -130. Let h = l + 186. What is the units digit of h?
9
Let s = 267 - 263. Suppose -5*v + 891 + 2319 = 5*y, -2*y = s. What is the tens digit of v?
4
What is the hundreds digit of -4*2*20*48/(-36)*24?
1
Suppose g = 4*q - 8, -2*g - 25 = -6*g - 3*q. What is the hundreds digit of g/(-22) + (-3)/(33/(-6998))?
6
Let d(q) = 136*q - 58. Let x be d(-13). What is the hundreds digit of (0 - (x - -4))/6*3?
9
Let w(q) = 52*q + 8. Let y be w(11). Suppose m + 2*a - y = -2*m, -m - 4*a = -180. Let n = m - 86. What is the units digit of n?
0
Let p = -6 - 15. Let z(c) = 21*c + 750. Let r(n) = -7*n - 278. Let w(y) = -8*r(y) - 3*z(y). What is the units digit of w(p)?
1
Let l = -23 + 14. Let p(h) = h**3 + 9*h**2 + 9*h + 8. Let b be p(-7). Let t = l + b. What is the units digit of t?
4
Let k = -14 + 14. Suppose 0 = -90*g + 77*g + 26. What is the units digit of (k/g)/(-2) - 471/(-3)?
7
Suppose -501*p + 566*p - 3045510 = 0. What is the units digit of p?
4
Suppose 4*h = 4*g + 28, h = -15*g + 19*g + 13. Suppose -5*j + 4*m + 3765 = 0, 4*m = -h*j + 1889 + 1836. What is the tens digit of j?
4
Suppose t + 4*t - 5*j + 45 = 0, 0 = -t - 2*j + 6. What is the units digit of (-58)/7*(t - -11 - 14)?
8
Suppose -3*x + 3 - 6 = 0. Let o(q) = -73*q**2 - 21*q - 7. Let h(r) = -24*r**2 - 7*r - 3. Let d(v) = -7*h(v) + 2*o(v). What is the units digit of d(x)?
2
Let z = -1097 + 3453. Suppose 4*b - 4*n - 2364 = 0, 0*b + z = 4*b + 4*n. What is the units digit of b?
0
What is the tens digit of 2/11 + 1628/847*259?
9
Let d = 101 - 101. Suppose -q + 3*q = d. What is the hundreds digit of q + 4 + 138 + 3?
1
Suppose -5*t + 2*t + 5 = -2*h, 5*t - 40 = -3*h. Let y(z) = z + 10 - h*z**3 - 28*z**2 + 4*z**3 + 40*z**2 - 20*z**2. What is the units digit of y(-8)?
2
Let a(c) = c**2 + 36*c - 35. Let z be a(-37). Suppose 2*f + 4590 = 4*g, 3*g - 3447 = 5*f - z*f. What is the tens digit of g?
4
Suppose -2*v + 22 = 5*a - 31, 28 = 3*a + 5*v. Let q = a + 364. What is the tens digit of q?
7
Let n(k) = 3*k**2 + k - 2. Let x be n(1). Suppose 3*a = -4*h + 21, -12 = x*h + 2*h. Suppose -12*s + 43 = -a*s. What is the tens digit of s?
4
Let c = 10 - -55. Suppose -c = -o + 322. What is the tens digit of o?
8
Suppose -3*s - y + 10180 = -3*y, -3*s + 10155 = 3*y. What is the tens digit of s?
9
Let c be 228 + -2*2/4. Let w = 4602 - 4117. Suppose -w = -5*o + 4*d, 4*o = 2*o - 5*d + c. What is the tens digit of o?
0
Let d(r) = -3*r**3 - r. Let m be d(-1). Suppose -8*k = m*t - 5*k - 102, 2*t - 4*k - 40 = 0. What is the tens digit of t?
2
Let o(s) = -9 - 289*s**2 + 289*s**2 + 14*s - 2*s**3. What is the tens digit of o(-5)?
7
Let z(d) = -1682*d + 583. What is the ten thousands digit of z(-44)?
7
Let i = -91 - -127. Suppose i = m + 2*m. What is the units digit of -2*20/m*(-19 + -2)?
0
Suppose 3754 = 5*g - 3*s + 2*s, -4*g + 2*s + 3008 = 0. Suppose 5*w = 11*w - g. What is the tens digit of w?
2
Let x = -17 - -21. Suppose x*d + 7*d = 0. Suppose -3*b + 0*b + 4*s = -42, 5*b + s - 70 = d. What is the tens digit of b?
1
Let n be (2 - (-4 + 2))*3. Let h(r) = r**2 - 12*r - 9. Let c be h(n). Let j(q) = -3*q - 1. What is the tens digit of j(c)?
2
Suppose 8*n = 13*n + 25. Let h be 3 + -7 - (-3 + n). What is the hundreds digit of h/10 + (5726/(-5))/(-7)?
1
Let m(y) = -427*y + 15. Let r be m(-7). Let p = r + -2144. What is the tens digit of p?
6
Let l(u) = 70*u**2 - 263*u - 170. What is the tens digit of l(-26)?
8
Let a(q) = -140*q - 35. Let b(r) = -r + 3. Let y(u) = a(u) + 4*b(u). What is the tens digit of y(-4)?
5
Suppose 11 = 2*d + 1. Suppose 0 = -5*n + 4*l + 619, 4*n - d*l + 145 = 642. Let j = 322 - n. What is the tens digit of j?
9
Suppose -667*l - 1331444 = -348*l - 338*l. What is the hundreds digit of l?
0
Let y = -15 + 16. Let a = 24 - y. Suppose 0 = -c + 74 + a. What is the units digit of c?
7
Suppose -4*r - 3*g = -146, 0 = r + 2*g - 227 + 188. What is the tens digit of r?
3
Let p(v) = -v**3 - 7*v**2 - v - 5. Let d be p(-7). What is the units digit of d/21*7*303?
2
Let a(n) = 11*n**2 + 8*n + 71. What is the hundreds digit of a(23)?
0
Let o(i) = -1376*i + 1705. What is the tens digit of o(-8)?
1
Let c(r) = -3102*r - 2577. What is the tens digit of c(-4)?
3
What is the ten thousands digit of (48/(-12) - -36908) + -1 + (-4)/1?
3
Let p be 1*(141/3 + (-6 - -6)). What is the units digit of (8 - (7 + -3))*p?
8
Suppose -6 = -w - n - 25, -n - 43 = 2*w. Let a = w - 84. Let b = a + 155. What is the tens digit of b?
4
Let w be (-5 - 112/(-21))/(2/9534). Suppose -2*l + 5*q + 379 = -438, 4*l = q + w. What is the tens digit of l?
9
Let f = -6306 + 11601. Suppose -8*u = -23*u + f. What is the hundreds digit of u?
3
Let w(k) = -5*k**2 - 6*k + 4. Let i be w(-6). Let a = 163 + i. Suppose -a*n + 19*n + 772 = 0. What is the tens digit of n?
9
Let y(c) = 2*c**3 + 3*c**2 - 7*c - 5. Let m be y(-4). Let s(f) = -2*f**2 + f + 7. Let p be s(9). Let z = m - p. What is the units digit of z?
9
Suppose 88*o = 22*o + 1652904. What is the tens digit of o?
4
Suppose -208*t = -192*t - 273984. What is the units digit of t?
4
Let d be 100/(-1) + -13 + 17 - 1. Let v = 185 + d. What is the tens digit of v?
8
Suppose 5*t = 3*f - 15992 + 2509, 5*f - 22493 = 3*t. What is the thousands digit of f?
4
Let k(a) = -a**3 - 10*a**2 - 11*a - 18. Let l be k(-9). Suppose t - 8*t + 56 = l. Let q(x) = 2*x**2 - 9*x + 3. What is the units digit of q(t)?
9
Let b(h) = -62*h + 7. Let q be b(-3). Suppose 6*w - q - 359 = 0. Suppose -9*i = -7 - w. What is the units digit of i?
1
Suppose 8*w + 670 = 7054. Suppose 4551 - w = 27*u. What is the units digit of u?
9
Let a be ((80/(-64))/1)/(1/(-4)). Let f be (-2)/6 - (-46)/3. What is the units digit of (3 - a/f) + (-1)/(-3)?
3
Suppose 0 = -245*z + 9257285 + 10079095. What is the hundreds digit of z?
9
What is the tens digit of 433976/8 - (10 + (15 - 25))?
4
Let s = -262 - -189. Suppose -4*t = -5*a - 0*t + 528, -4*t - 96 = -a. Let h = a - s. What is the hundreds digit of h?
1
Let q(o) = -4*o**3 + 5*o**2 + o + 48. What is the hundreds digit of q(-13)?
6
Let t = 68754 + -18998. What is the tens digit of t?
5
Let z be 9/((-135)/(-50))*6/5. Let n(l) = 7*l + 17. Let a be n(z). Suppose -2*h + a + 175 = 0. What is the tens digit of h?
1
Suppose -5*k - 65 = f + 3, -2*f - 19 = k. Let a = k - -18. Suppose -5*v + 206 = -3*v + 3*g, -a*v - 5*g = -505. What is the tens digit of v?
9
Let w(r) = 15*r**2 - 7*r + 8. Let m be w(-5). Suppose 7*u = -1493 - m. What is the units digit of 6/(-12)*(1/1 + u)?
6
Suppose 7*d = 33*d - 89388. Suppose -188*x + d = -182*x. What is the hundreds digit of x?
5
Let p be (1 + -12)*(2 - -1)/(-3). Suppose 5*i = p*i - 1722. What is the tens digit of i?
8
Let a(l) = -15*l + 80. Let w be a(5). Suppose 4*m = -w*z + 3394, 4*m - 2*m - 1700 = -z. What is the hundreds digit of m?
8
Let b be 1/(-3) + (-13)/(-3). Let k(w) = 7*w**2 + 240*w - 244*w - w**3 + 0*w**3 + 6. What is the tens digit of k(b)?
3
Suppose d + 12 = 12. Suppose -13*m - 2249 - 52 = d. Let w = -92 - m. What is the tens digit of w?
8
Suppose -8*v + 2022 = 2*i - 5*v, i + v - 1009 = 0. What is the tens digit of i?
0
Let r = 40 - 157. Let m = r - -58. Let k = m + 88. What is the units digit of k?
9
Suppose 3064 - 272 = 4*j - 5*